{"id":1303,"date":"2016-03-31T19:08:23","date_gmt":"2016-03-31T23:38:23","guid":{"rendered":"http:\/\/preacero.com\/home\/?page_id=1303"},"modified":"2017-04-07T11:41:30","modified_gmt":"2017-04-07T16:11:30","slug":"calidad","status":"publish","type":"page","link":"http:\/\/preacero.com\/home\/calidad\/","title":{"rendered":"Calidad"},"content":{"rendered":"<p><a href=\"http:\/\/preacero.com\/home\/wp-content\/uploads\/2016\/03\/aisc.jpg\" rel=\"attachment wp-att-1511\"><img loading=\"lazy\" decoding=\"async\" class=\"alignnone wp-image-1511 size-full\" src=\"http:\/\/preacero.com\/home\/wp-content\/uploads\/2016\/03\/aisc.jpg\" alt=\"aisc\" width=\"600\" height=\"200\" srcset=\"http:\/\/preacero.com\/home\/wp-content\/uploads\/2016\/03\/aisc.jpg 600w, http:\/\/preacero.com\/home\/wp-content\/uploads\/2016\/03\/aisc-300x100.jpg 300w, http:\/\/preacero.com\/home\/wp-content\/uploads\/2016\/03\/aisc-500x167.jpg 500w, http:\/\/preacero.com\/home\/wp-content\/uploads\/2016\/03\/aisc-260x87.jpg 260w\" sizes=\"auto, (max-width: 600px) 100vw, 600px\" \/><\/a><\/p>\n<p><font color=\"white\">En Preacero M\u00e9xico contamos con un Sistema de Gesti\u00f3n de Calidad y Certificaciones, el cual nos permite avalarnos ante nuestros clientes y competidores como una empresa capaz de realizar y asegurar proyectos de calidad. Estas certificaciones respaldan nuestros procesos y reducen las\u00a0deficiencias en los proyectos que realizamos para cada cliente.<\/p>\n<p>Por ello contamos con una Pol\u00edtica de Calidad la cual menciona que: &#8220;Preacero Pellizzari se compromete a suministrar productos de las m\u00e1s alta calidad, cumpliendo con los requerimientos previamente acordados con nuestros clientes, a trav\u00e9s de un recurso humano capacitado, responsable y comprometido con el mejoramiento continuo de los procesos y la eficacia del Sistema de Gesti\u00f3n de la Calidad&#8221;.<\/font><\/p>\n<p><font color=\"white\">Actualmente contamos con la certificaci\u00f3n del American Institution of Steel Construction (AISC) como fabricante de estructuras met\u00e1licas fijas bajo los est\u00e1ndares de producci\u00f3n de la industria y confirma que contamos con el conocimiento t\u00e9cnico, el personal, la experiencia, la maquinaria y el compromiso necesario para producir y exportar estructuras met\u00e1licas de calidad.<\/font><\/p>\n<p><strong><font color=\"white\">Mejoramiento continuo:<\/font><\/strong><\/p>\n<p><font color=\"white\">La excelencia alcanzada por Preacero Pellizzari, se debe, entre muchas otras razones, al mantener a la mejora continua de nuestros procesos como objetivo fundamental de gesti\u00f3n y autoevaluar\u00a0 constantemente la ejecuci\u00f3n de los proyectos.<\/p>\n<p>En funci\u00f3n a ello, dotamos a nuestro personal de los recursos necesarios y la autoridad para desarrollar proyectos de mejora que generan los cambios que promuevan el crecimiento de nuestra organizaci\u00f3n, que garanticen la satisfacci\u00f3n del cliente y se mantegan los niveles de calidad que el mercado nacional e internacional exigen.<\/font><\/p>\n<p><strong><font color=\"white\">Estandarizaci\u00f3n:<\/font><\/strong><\/p>\n<p><font color=\"white\">En Preacero Pellizzari, dise\u00f1amos y fabricamos nuestros productos en funci\u00f3n de la adopci\u00f3n y cumplimiento de los est\u00e1ndares t\u00e9cnicos y administrativos aplicados al sector industrial, que nos permiten optimizar los procesos y ganar la confianza de nuestros clientes al ofrecer productos de calidad y seguridad.<\/font><\/p>","protected":false},"excerpt":{"rendered":"<p>En Preacero M\u00e9xico contamos con un Sistema de Gesti\u00f3n de Calidad y Certificaciones, el cual nos permite avalarnos ante nuestros clientes y competidores como una empresa capaz de realizar y asegurar proyectos de calidad. Estas certificaciones respaldan nuestros procesos y reducen las\u00a0deficiencias en los proyectos que realizamos para cada cliente. Por ello contamos con una<\/p>\n","protected":false},"author":9,"featured_media":0,"parent":0,"menu_order":0,"comment_status":"closed","ping_status":"closed","template":"","meta":{"footnotes":""},"class_list":["post-1303","page","type-page","status-publish","hentry"],"_links":{"self":[{"href":"http:\/\/preacero.com\/home\/wp-json\/wp\/v2\/pages\/1303","targetHints":{"allow":["GET"]}}],"collection":[{"href":"http:\/\/preacero.com\/home\/wp-json\/wp\/v2\/pages"}],"about":[{"href":"http:\/\/preacero.com\/home\/wp-json\/wp\/v2\/types\/page"}],"author":[{"embeddable":true,"href":"http:\/\/preacero.com\/home\/wp-json\/wp\/v2\/users\/9"}],"replies":[{"embeddable":true,"href":"http:\/\/preacero.com\/home\/wp-json\/wp\/v2\/comments?post=1303"}],"version-history":[{"count":43,"href":"http:\/\/preacero.com\/home\/wp-json\/wp\/v2\/pages\/1303\/revisions"}],"predecessor-version":[{"id":1936,"href":"http:\/\/preacero.com\/home\/wp-json\/wp\/v2\/pages\/1303\/revisions\/1936"}],"wp:attachment":[{"href":"http:\/\/preacero.com\/home\/wp-json\/wp\/v2\/media?parent=1303"}],"curies":[{"name":"wp","href":"https:\/\/api.w.org\/{rel}","templated":true}]}}