{"id":1311,"date":"2016-04-01T15:58:31","date_gmt":"2016-04-01T20:28:31","guid":{"rendered":"http:\/\/preacero.com\/home\/?page_id=1311"},"modified":"2017-04-07T13:07:25","modified_gmt":"2017-04-07T17:37:25","slug":"responsabilidad-social-empresarial","status":"publish","type":"page","link":"http:\/\/preacero.com\/home\/responsabilidad-social-empresarial\/","title":{"rendered":"Responsabilidad Social Empresarial"},"content":{"rendered":"<p><\/p>\n<p style=\"text-align: justify;\"><font color=\"white\">Nuestro plan objetivo verde consiste en mantener nuestra producci\u00f3n en balance con el ambiente. El agua limpia es esencial en el d\u00eda a d\u00eda. La planta de tratamiento y el sistema de operaci\u00f3n de tratamiento de agua permiten que el agua sea siempre reutilizable.<\/font><\/p>\n<p style=\"text-align: justify;\"><font color=\"white\">La planta de tratamiento de desperdicio de l\u00edquido y el sistema de operaci\u00f3n tambi\u00e9n conocen la forma m\u00e1s adecuada para eliminar poderosos contaminantes del desperdicio de agua industrial para hacer seguro su regreso al ambiente.<\/font><\/p>\n<p style=\"text-align: justify;\"><font color=\"white\">En los \u00faltimos a\u00f1os en Grupo Empresarial Pellizzari hemos estado evaluando toda la organizaci\u00f3n para integrarla a un estricto plan ecol\u00f3gico, el cual implica hacer continuas reformas en todos los procesos para integrarlos a obligaciones internacionales de protecci\u00f3n y medio ambiente, no conforme con esto, deseamos superar los est\u00e1ndares a trav\u00e9s del plan GreenSteel.<\/font><\/p>\n<p><\/p>","protected":false},"excerpt":{"rendered":"<p>Nuestro plan objetivo verde consiste en mantener nuestra producci\u00f3n en balance con el ambiente. El agua limpia es esencial en el d\u00eda a d\u00eda. La planta de tratamiento y el sistema de operaci\u00f3n de tratamiento de agua permiten que el agua sea siempre reutilizable. La planta de tratamiento de desperdicio de l\u00edquido y el sistema<\/p>\n","protected":false},"author":9,"featured_media":0,"parent":0,"menu_order":0,"comment_status":"closed","ping_status":"closed","template":"","meta":{"footnotes":""},"class_list":["post-1311","page","type-page","status-publish","hentry"],"_links":{"self":[{"href":"http:\/\/preacero.com\/home\/wp-json\/wp\/v2\/pages\/1311","targetHints":{"allow":["GET"]}}],"collection":[{"href":"http:\/\/preacero.com\/home\/wp-json\/wp\/v2\/pages"}],"about":[{"href":"http:\/\/preacero.com\/home\/wp-json\/wp\/v2\/types\/page"}],"author":[{"embeddable":true,"href":"http:\/\/preacero.com\/home\/wp-json\/wp\/v2\/users\/9"}],"replies":[{"embeddable":true,"href":"http:\/\/preacero.com\/home\/wp-json\/wp\/v2\/comments?post=1311"}],"version-history":[{"count":11,"href":"http:\/\/preacero.com\/home\/wp-json\/wp\/v2\/pages\/1311\/revisions"}],"predecessor-version":[{"id":1978,"href":"http:\/\/preacero.com\/home\/wp-json\/wp\/v2\/pages\/1311\/revisions\/1978"}],"wp:attachment":[{"href":"http:\/\/preacero.com\/home\/wp-json\/wp\/v2\/media?parent=1311"}],"curies":[{"name":"wp","href":"https:\/\/api.w.org\/{rel}","templated":true}]}}