{"id":1502,"date":"2016-04-01T14:24:38","date_gmt":"2016-04-01T18:54:38","guid":{"rendered":"http:\/\/preacero.com\/home\/?page_id=1502"},"modified":"2017-04-07T16:11:09","modified_gmt":"2017-04-07T20:41:09","slug":"industrial-test","status":"publish","type":"page","link":"http:\/\/preacero.com\/home\/industrial-test\/","title":{"rendered":"Industria"},"content":{"rendered":"<p>\t<style>\r\n\t#sr-slider-1503 .sr-image {\r\n\t  margin: 5px;\r\n\t}\r\n\t#sr-slider-1503 .sr-image img {\r\n\t  display: block;\r\n\t  width: 100%;\r\n\t  height: auto;\r\n\t}\r\n\t#sr-slider-1503 .sr-title {\r\n\t\ttext-align: center;\r\n\t\tfont-weight: bolder;\r\n\t}\r\n\t#sr-slider-1503 .sr-desc {\r\n\t\ttext-align: center;\r\n\t}\r\n\t#sr-slider-1503 .sr-image .sr-link {\r\n\t\ttext-align: center;\r\n\t}\r\n\t\t<\/style>\r\n\t\t<!-- HTML Script Part Start From Here-->\r\n\t<script>\r\n\tjQuery(document).ready(function() {\r\n\t   jQuery(\"#sr-slider-1503\").owlCarousel({ \r\n\t\t\t\/\/ Most important owl features\r\n\t\t\titems : 1,\r\n\r\n\t\t\t\/\/Basic Speeds\r\n\t\t\tslideSpeed : 200,\r\n\t\t\tpaginationSpeed : 200,\r\n\t\t\trewindSpeed : 400,\r\n\r\n\t\t\t\/\/Autoplay\r\n\t\t\tautoPlay : true,\r\n\t\t \r\n\t\t\t\/\/ Navigation\r\n\t\t\tnavigation : false,\r\n\t\t\tnavigationText : [\"Prev\",\"Next\"],\r\n\t\t\trewindNav : true,\r\n\t \r\n\t\t\t\/\/ Responsive \r\n\t\t\tresponsive: true,\r\n\t\t\tresponsiveRefreshRate : 200,\r\n\t\t\tresponsiveBaseWidth: window,\r\n\t\t \r\n\t\t\t\/\/ CSS Styles\r\n\t\t\tbaseClass : \"owl-carousel\",\r\n\t\t\ttheme : \"owl-theme\",\r\n\t\t \r\n\t\t\t\/\/Auto height\r\n\t\t\tautoHeight : true,\r\n\t\t \r\n\t\t\t\/\/Mouse Events\r\n\t\t\tdragBeforeAnimFinish : true,\r\n\t\t\tmouseDrag : true,\r\n\t\t\ttouchDrag : true,\r\n\t\t \r\n\t\t\t\/\/Transitions\r\n\t\t\ttransitionStyle : \"fade\",\r\n\t\t});\r\n\t});\r\n\t<\/script>\r\n\t\t\t<div id=\"sr-slider-1503\">\r\n\t\t\t\t\t\t\t\t<div class=\"sr-image\">\r\n\t\t\t\t\t\t\t\t\t\t\t\t\t<img decoding=\"async\" class=\"lazyOwl\" src=\"http:\/\/preacero.com\/home\/wp-content\/uploads\/2016\/04\/Image00002.jpg\" alt=\"Image00002\">\r\n\t\t\t\t\t\t\t\t\t\t\t\t\r\n\t\t\t\t\t\t<!--Text Below Slide-->\r\n\t\t\t\t\t\t\t\t\t\t\t\t\r\n\t\t\t\t\t\t\t\t\t\t\t\t\r\n\t\t\t\t\t\t\t\t\t\t\t\t<!--Text Below Slide-->\r\n\t\t\t\t\t<\/div>\r\n\t\t\t\t\t\t\t\t\t\t<div class=\"sr-image\">\r\n\t\t\t\t\t\t\t\t\t\t\t\t\t<img decoding=\"async\" class=\"lazyOwl\" src=\"http:\/\/preacero.com\/home\/wp-content\/uploads\/2016\/04\/Imagen5.jpg\" alt=\"Imagen5\">\r\n\t\t\t\t\t\t\t\t\t\t\t\t\r\n\t\t\t\t\t\t<!--Text Below Slide-->\r\n\t\t\t\t\t\t\t\t\t\t\t\t\r\n\t\t\t\t\t\t\t\t\t\t\t\t\r\n\t\t\t\t\t\t\t\t\t\t\t\t<!--Text Below Slide-->\r\n\t\t\t\t\t<\/div>\r\n\t\t\t\t\t\t\t\t\t\t<div class=\"sr-image\">\r\n\t\t\t\t\t\t\t\t\t\t\t\t\t<img decoding=\"async\" class=\"lazyOwl\" src=\"http:\/\/preacero.com\/home\/wp-content\/uploads\/2015\/03\/siderar.jpg\" alt=\"\">\r\n\t\t\t\t\t\t\t\t\t\t\t\t\r\n\t\t\t\t\t\t<!--Text Below Slide-->\r\n\t\t\t\t\t\t\t\t\t\t\t\t\r\n\t\t\t\t\t\t\t\t\t\t\t\t\r\n\t\t\t\t\t\t\t\t\t\t\t\t<!--Text Below Slide-->\r\n\t\t\t\t\t<\/div>\r\n\t\t\t\t\t\t\t<\/div>\r\n\t\t<\/p>\n<p style=\"text-align: justify;\"><font color=\"white\">Desde nuestros or\u00edgenes nos hemos dedicado al dise\u00f1o y construcci\u00f3n de instalaciones industriales, abarcando una amplia gama de ellas.<\/font><\/p>\n<p style=\"text-align: justify;\"><font color=\"white\">Estamos familiarizados con los requerimientos de los diversos sectores industriales y trabajamos con los clientes para desarrollar soluciones que van m\u00e1s all\u00e1 de proveer naves industriales.<\/font><\/p>\n<p style=\"text-align: justify;\"><font color=\"white\">Nuestra experiencia en la fabricaci\u00f3n de puentes gr\u00faa, equipos mec\u00e1nicos y diversas opciones para el manejo de materiales garantizan integraci\u00f3n y la reducci\u00f3n de los proveedores en un proyecto. Simplificando de esta manera la log\u00edstica y reduciendo los tiempos, aunado a la disminuci\u00f3n de costos asociados con el desarrollo de proyectos industriales. Sean proyectos llave en mano, estructuras o componentes, Preacero brinda una soluci\u00f3n integral que se adapta a las necesidades de cada cliente.<\/font><\/p>\n<p><\/p>","protected":false},"excerpt":{"rendered":"<p>Desde nuestros or\u00edgenes nos hemos dedicado al dise\u00f1o y construcci\u00f3n de instalaciones industriales, abarcando una amplia gama de ellas. Estamos familiarizados con los requerimientos de los diversos sectores industriales y trabajamos con los clientes para desarrollar soluciones que van m\u00e1s all\u00e1 de proveer naves industriales. Nuestra experiencia en la fabricaci\u00f3n de puentes gr\u00faa, equipos mec\u00e1nicos<\/p>\n","protected":false},"author":9,"featured_media":0,"parent":0,"menu_order":0,"comment_status":"closed","ping_status":"closed","template":"","meta":{"footnotes":""},"class_list":["post-1502","page","type-page","status-publish","hentry"],"_links":{"self":[{"href":"http:\/\/preacero.com\/home\/wp-json\/wp\/v2\/pages\/1502","targetHints":{"allow":["GET"]}}],"collection":[{"href":"http:\/\/preacero.com\/home\/wp-json\/wp\/v2\/pages"}],"about":[{"href":"http:\/\/preacero.com\/home\/wp-json\/wp\/v2\/types\/page"}],"author":[{"embeddable":true,"href":"http:\/\/preacero.com\/home\/wp-json\/wp\/v2\/users\/9"}],"replies":[{"embeddable":true,"href":"http:\/\/preacero.com\/home\/wp-json\/wp\/v2\/comments?post=1502"}],"version-history":[{"count":7,"href":"http:\/\/preacero.com\/home\/wp-json\/wp\/v2\/pages\/1502\/revisions"}],"predecessor-version":[{"id":2029,"href":"http:\/\/preacero.com\/home\/wp-json\/wp\/v2\/pages\/1502\/revisions\/2029"}],"wp:attachment":[{"href":"http:\/\/preacero.com\/home\/wp-json\/wp\/v2\/media?parent=1502"}],"curies":[{"name":"wp","href":"https:\/\/api.w.org\/{rel}","templated":true}]}}