{"id":1615,"date":"2016-04-04T16:45:22","date_gmt":"2016-04-04T21:15:22","guid":{"rendered":"http:\/\/preacero.com\/home\/?page_id=1615"},"modified":"2017-04-07T16:09:57","modified_gmt":"2017-04-07T20:39:57","slug":"deportivo-y-recreacional-test","status":"publish","type":"page","link":"http:\/\/preacero.com\/home\/deportivo-y-recreacional-test\/","title":{"rendered":"Deportivo y recreacional"},"content":{"rendered":"<p>\t<style>\r\n\t#sr-slider-1612 .sr-image {\r\n\t  margin: 5px;\r\n\t}\r\n\t#sr-slider-1612 .sr-image img {\r\n\t  display: block;\r\n\t  width: 100%;\r\n\t  height: auto;\r\n\t}\r\n\t#sr-slider-1612 .sr-title {\r\n\t\ttext-align: center;\r\n\t\tfont-weight: bolder;\r\n\t}\r\n\t#sr-slider-1612 .sr-desc {\r\n\t\ttext-align: center;\r\n\t}\r\n\t#sr-slider-1612 .sr-image .sr-link {\r\n\t\ttext-align: center;\r\n\t}\r\n\t\t<\/style>\r\n\t\t<!-- HTML Script Part Start From Here-->\r\n\t<script>\r\n\tjQuery(document).ready(function() {\r\n\t   jQuery(\"#sr-slider-1612\").owlCarousel({ \r\n\t\t\t\/\/ Most important owl features\r\n\t\t\titems : 1,\r\n\r\n\t\t\t\/\/Basic Speeds\r\n\t\t\tslideSpeed : 200,\r\n\t\t\tpaginationSpeed : 200,\r\n\t\t\trewindSpeed : 400,\r\n\r\n\t\t\t\/\/Autoplay\r\n\t\t\tautoPlay : true,\r\n\t\t \r\n\t\t\t\/\/ Navigation\r\n\t\t\tnavigation : false,\r\n\t\t\tnavigationText : [\"Prev\",\"Next\"],\r\n\t\t\trewindNav : true,\r\n\t \r\n\t\t\t\/\/ Responsive \r\n\t\t\tresponsive: true,\r\n\t\t\tresponsiveRefreshRate : 200,\r\n\t\t\tresponsiveBaseWidth: window,\r\n\t\t \r\n\t\t\t\/\/ CSS Styles\r\n\t\t\tbaseClass : \"owl-carousel\",\r\n\t\t\ttheme : \"owl-theme\",\r\n\t\t \r\n\t\t\t\/\/Auto height\r\n\t\t\tautoHeight : false,\r\n\t\t \r\n\t\t\t\/\/Mouse Events\r\n\t\t\tdragBeforeAnimFinish : true,\r\n\t\t\tmouseDrag : true,\r\n\t\t\ttouchDrag : true,\r\n\t\t \r\n\t\t\t\/\/Transitions\r\n\t\t\ttransitionStyle : \"fade\",\r\n\t\t});\r\n\t});\r\n\t<\/script>\r\n\t\t\t<div id=\"sr-slider-1612\">\r\n\t\t\t\t\t\t\t\t<div class=\"sr-image\">\r\n\t\t\t\t\t\t\t\t\t\t\t\t\t<img decoding=\"async\" class=\"lazyOwl\" src=\"http:\/\/preacero.com\/home\/wp-content\/uploads\/2016\/04\/02.jpg\" alt=\"02\">\r\n\t\t\t\t\t\t\t\t\t\t\t\t\r\n\t\t\t\t\t\t<!--Text Below Slide-->\r\n\t\t\t\t\t\t\t\t\t\t\t\t\r\n\t\t\t\t\t\t\t\t\t\t\t\t\r\n\t\t\t\t\t\t\t\t\t\t\t\t<!--Text Below Slide-->\r\n\t\t\t\t\t<\/div>\r\n\t\t\t\t\t\t\t\t\t\t<div class=\"sr-image\">\r\n\t\t\t\t\t\t\t\t\t\t\t\t\t<img decoding=\"async\" class=\"lazyOwl\" src=\"http:\/\/preacero.com\/home\/wp-content\/uploads\/2016\/04\/DJI_0726.jpg\" alt=\"DCIM100MEDIADJI_0726.JPG\">\r\n\t\t\t\t\t\t\t\t\t\t\t\t\r\n\t\t\t\t\t\t<!--Text Below Slide-->\r\n\t\t\t\t\t\t\t\t\t\t\t\t\r\n\t\t\t\t\t\t\t\t\t\t\t\t\r\n\t\t\t\t\t\t\t\t\t\t\t\t<!--Text Below Slide-->\r\n\t\t\t\t\t<\/div>\r\n\t\t\t\t\t\t\t<\/div>\r\n\t\t<\/p>\n<p style=\"text-align: justify;\"><font color=\"white\">La arquitectura de los complejos deportivos y recreacionales exige frecuentemente soluciones estructurales complejas que respondan a su vez a necesidades espec\u00edficas de los proyectos como cubrir grandes espacios o concentrar n\u00fameros elevados de personas en espacios peque\u00f1os, atendiendo a las condiciones de seguridad necesarias para estas edificaciones. Todo esto sin sacrificar el dise\u00f1o de la edificaci\u00f3n ni los tiempos de construcci\u00f3n. Nuestra probada experiencia en este campo nos ha ganado reconocimiento y la confianza reiterada de nuestros clientes.<\/font><\/p>\n<p><\/p>","protected":false},"excerpt":{"rendered":"<p>La arquitectura de los complejos deportivos y recreacionales exige frecuentemente soluciones estructurales complejas que respondan a su vez a necesidades espec\u00edficas de los proyectos como cubrir grandes espacios o concentrar n\u00fameros elevados de personas en espacios peque\u00f1os, atendiendo a las condiciones de seguridad necesarias para estas edificaciones. Todo esto sin sacrificar el dise\u00f1o de la<\/p>\n","protected":false},"author":9,"featured_media":0,"parent":0,"menu_order":0,"comment_status":"closed","ping_status":"closed","template":"","meta":{"footnotes":""},"class_list":["post-1615","page","type-page","status-publish","hentry"],"_links":{"self":[{"href":"http:\/\/preacero.com\/home\/wp-json\/wp\/v2\/pages\/1615","targetHints":{"allow":["GET"]}}],"collection":[{"href":"http:\/\/preacero.com\/home\/wp-json\/wp\/v2\/pages"}],"about":[{"href":"http:\/\/preacero.com\/home\/wp-json\/wp\/v2\/types\/page"}],"author":[{"embeddable":true,"href":"http:\/\/preacero.com\/home\/wp-json\/wp\/v2\/users\/9"}],"replies":[{"embeddable":true,"href":"http:\/\/preacero.com\/home\/wp-json\/wp\/v2\/comments?post=1615"}],"version-history":[{"count":4,"href":"http:\/\/preacero.com\/home\/wp-json\/wp\/v2\/pages\/1615\/revisions"}],"predecessor-version":[{"id":2027,"href":"http:\/\/preacero.com\/home\/wp-json\/wp\/v2\/pages\/1615\/revisions\/2027"}],"wp:attachment":[{"href":"http:\/\/preacero.com\/home\/wp-json\/wp\/v2\/media?parent=1615"}],"curies":[{"name":"wp","href":"https:\/\/api.w.org\/{rel}","templated":true}]}}